9602?
1
What is the thousands digit of 7079095?
9
What is the hundreds digit of 273483?
4
What is the hundreds digit of 256374?
3
What is the ten thousands digit of 154993?
5
What is the hundreds digit of 5028390?
3
What is the millions digit of 1571362?
1
What is the ten thousands digit of 778305?
7
What is the thousands digit of 3823151?
3
What is the thousands digit of 5456022?
6
What is the millions digit of 9586564?
9
What is the ten thousands digit of 821023?
2
What is the hundreds digit of 16308729?
7
What is the hundred thousands digit of 793514?
7
What is the thousands digit of 20383759?
3
What is the ten thousands digit of 296020?
9
What is the units digit of 10315576?
6
What is the thousands digit of 224927?
4
What is the millions digit of 12798044?
2
What is the ten thousands digit of 1244562?
4
What is the units digit of 210228?
8
What is the tens digit of 85502?
0
What is the ten thousands digit of 65781?
6
What is the hundreds digit of 6059780?
7
What is the ten thousands digit of 101508?
0
What is the units digit of 27303494?
4
What is the hundred thousands digit of 9274406?
2
What is the millions digit of 5172053?
5
What is the hundreds digit of 704424?
4
What is the tens digit of 1584237?
3
What is the tens digit of 10560?
6
What is the units digit of 1064604?
4
What is the tens digit of 57721?
2
What is the hundreds digit of 154881?
8
What is the hundreds digit of 3760291?
2
What is the thousands digit of 5664631?
4
What is the hundreds digit of 2279638?
6
What is the tens digit of 12481886?
8
What is the thousands digit of 359677?
9
What is the thousands digit of 539616?
9
What is the millions digit of 3031442?
3
What is the units digit of 204035?
5
What is the units digit of 91502?
2
What is the ten thousands digit of 4313270?
1
What is the ten millions digit of 12127778?
1
What is the ten thousands digit of 52449?
5
What is the hundreds digit of 376751?
7
What is the hundred thousands digit of 319186?
3
What is the units digit of 271928?
8
What is the tens digit of 1196269?
6
What is the ten thousands digit of 1680779?
8
What is the hundred thousands digit of 698010?
6
What is the hundreds digit of 491997?
9
What is the ten thousands digit of 8122258?
2
What is the ten thousands digit of 1650194?
5
What is the millions digit of 8189403?
8
What is the units digit of 559466?
6
What is the thousands digit of 65089?
5
What is the ten thousands digit of 452248?
5
What is the hundreds digit of 17815737?
7
What is the millions digit of 1539831?
1
What is the units digit of 282240?
0
What is the units digit of 448927?
7
What is the units digit of 305500?
0
What is the tens digit of 494810?
1
What is the units digit of 61875?
5
What is the units digit of 10938388?
8
What is the ten thousands digit of 1630583?
3
What is the thousands digit of 9902069?
2
What is the hundreds digit of 21607?
6
What is the hundred thousands digit of 3858667?
8
What is the thousands digit of 999942?
9
What is the tens digit of 574781?
8
What is the hundred thousands digit of 304975?
3
What is the ten thousands digit of 3896028?
9
What is the units digit of 10376020?
0
What is the tens digit of 65053?
5
What is the units digit of 1162745?
5
What is the millions digit of 17314930?
7
What is the ten thousands digit of 640208?
4
What is the tens digit of 955071?
7
What is the units digit of 2681770?
0
What is the units digit of 2843396?
6
What is the hundreds digit of 1509849?
8
What is the tens digit of 883429?
2
What is the ten thousands digit of 21215?
2
What is the units digit of 1582238?
8
What is the hundreds digit of 290116?
1
What is the thousands digit of 1028841?
8
What is the hundreds digit of 446086?
0
What is the units digit of 75095?
5
What is the hundred thousands digit of 410252?
4
What is the hundreds digit of 590797?
7
What is the hundred thousands digit of 1474301?
4
What is the hundred thousands digit of 841795?
8
What is the ten thousands digit of 1102183?
0
What is the hundred thousands digit of 5000193?
0
What is the thousands digit of 17999?
7
What is the ten thousands digit of 1761204?
6
What is the tens digit of 2346978?
7
What is the units digit of 1280926?
6
What is the ten thousands digit of 3944413?
4
What is the hundred thousands digit of 8864670?
8
What is the ten millions digit of 20892448?
2
What is the ten thousands digit of 114346?
1
What is the ten millions digit of 16126235?
1
What is the thousands digit of 3614601?
4
What is the units digit of 18349512?
2
What is the units digit of 7954902?
2
What is the hundreds digit of 1967525?
5
What is the tens digit of 278604?
0
What is the thousands digit of 472087?
2
What is the hundreds digit of 17582?
5
What is the units digit of 1147226?
6
What is the hundred thousands digit of 1239683?
2
What is the tens digit of 15223121?
2
What is the hundred thousands digit of 124730?
1
What is the hundred thousands digit of 158440?
1
What is the hundred thousands digit of 184447?
1
What is the millions digit of 5268968?
5
What is the tens digit of 126059?
5
What is the ten thousands digit of 87192?
8
What is the thousands digit of 4855270?
5
What is the millions digit of 8412760?
8
What is the millions digit of 1120542?
1
What is the hundreds digit of 68523?
5
What is the ten thousands digit of 215863?
1
What is the tens digit of 381316?
1
What is the ten thousands digit of 13003?
1
What is the thousands digit of 11877913?
7
What is the hundreds digit of 2205843?
8
What is the hundred thousands digit of 2962262?
9
What is the units digit of 14523?
3
What is the hundreds digit of 12165735?
7
What is the hundreds digit of 14527017?
0
What is the ten millions digit of 11122460?
1
What is the units digit of 527995?
5
What is the millions digit of 1666181?
1
What is the hundreds digit of 123006?
0
What is the thousands digit of 1495301?
5
What is the units digit of 693825?
5
What is the hundreds digit of 146541?
5
What is the units digit of 638363?
3
What is the units digit of 2139679?
9
What is the thousands digit of 303348?
3
What is the ten thousands digit of 507372?
0
What is the ten thousands digit of 53818?
5
What is the hundred thousands digit of 20024864?
0
What is the thousands digit of 514453?
4
What is the hundred thousands digit of 854428?
8
What is the tens digit of 8624?
2
What is the thousands digit of 4616665?
6
What is the hundreds digit of 355908?
9
What is the hundreds digit of 4143975?
9
What is the hundred thousands digit of 6582488?
5
What is the ten thousands digit of 2756343?
5
What is the thousands digit of 1640751?
0
What is the millions digit of 1381256?
1
What is the hundreds digit of 295696?
6
What is the ten thousands digit of 1240335?
4
What is the hundreds digit of 1409587?
5
What is the tens digit of 8475101?
0
What is the ten thousands digit of 28429295?
2
What is the ten thousands digit of 2519348?
1
What is the units digit of 883318?
8
What is the units digit of 2074211?
1
What is the hundred thousands digit of 3088286?
0
What is the hundred thousands digit of 552808?
5
What is the hundreds digit of 113582?
5
What is the ten thousands digit of 351184?
5
What is the hundreds digit of 395761?
7
What is the ten thousands digit of 3702223?
0
What is the units digit of 13721940?
0
What is the units digit of 16201250?
0
What is the ten thousands digit of 3297111?
9
What is the ten thousands digit of 8184859?
8
What is the tens digit of 12290775?
7
What is the units digit of 39549?
9
What is the ten thousands digit of 53868?
5
What is the tens digit of 6138613?
1
What is the hundreds digit of 2429797?
7
What is the ten thousands digit of 1844873?
4
What is the tens digit of 944086?
8
What is the hundreds digit of 1101247?
2
What is the hundreds digit of 918?
9
What is the ten thousands digit of 16208240?
0
What is the hundred thousands digit of 1431109?
4
What is the tens digit of 105186?
8
What is the thousands digit of 1334327?
4
What is the thousands digit of 726878?
6
What is the hundreds digit of 18034576?
5
What is the hundred thousands digit of 212517?
2
What is the units digit of 856048?
8
What is the units digit of 360301?
1
What is the ten thousands digit of 19188174?
8
What is the hundreds digit of 3406699?
6
What is the thousands digit of 364782